d**2 + 2*d + 3. Let c be s(-2). What are the prime factors of y(c)?
2
Let b(n) = -n**3 + 18*n**2 - 13*n - 1. What are the prime factors of b(17)?
67
Let a(d) be the first derivative of -d**6/360 - 3*d**5/40 - d**4/8 + d**3/3 + 1. Let x(l) be the third derivative of a(l). List the prime factors of x(-7).
11
Suppose 0 = -0*j + 2*j - 4. Suppose 4*c = 20, 3*u + j*c = -0*u + 46. What are the prime factors of u?
2, 3
Suppose -4*n - 17 + 133 = 0. What are the prime factors of n?
29
Let m = -262 - -401. List the prime factors of m.
139
Let k(l) = -l**2 - 7*l - 3. Let t be k(-6). Suppose t*z - 2*w = 32, 3*z = 5*w + 13 + 22. List the prime factors of z.
2, 5
Let p(q) = -2*q + 2*q + 2*q - 5. Let u be p(10). Suppose 0 = 2*y - 3*y + u. What are the prime factors of y?
3, 5
Let x = 7 - 2. Let n(v) = v**2 - 4*v + 6. What are the prime factors of n(x)?
11
Suppose -24 = n - 4*b, -2*b = -4*b + 2. Let m(q) = -5*q - 14. Let t be m(3). Let v = n - t. List the prime factors of v.
3
Let p(t) = t**3 - 6*t**2 - 4*t + 6. Let u be p(7). Suppose 3 = s - 0. Suppose -s*k = 12, -4*z + 4*k = -3*z - u. What are the prime factors of z?
11
Let p = -28 + 46. List the prime factors of p.
2, 3
Let s be 44/20 - (-2)/(-10). Let n be s/3 + (-1166)/(-6). List the prime factors of n/27 - (-6)/(-27).
7
Suppose -2*d - 3*d + 15 = 0. Suppose d = -4*f - 5. What are the prime factors of 69/6 + f/4?
11
Let b = 4 + -2. Let s be 2/(-2) + (b - -2). Suppose -g = -2 - s. What are the prime factors of g?
5
Let c = 9 + -5. Suppose -c*q = -10 - 2. Let l = 9 + q. What are the prime factors of l?
2, 3
Let r be (-16)/(-2) - (0 - 1). Let f = 50 + -45. Suppose -f*x + r + 6 = 0. What are the prime factors of x?
3
Let t(z) = z**2 + 5*z - 4. Let k be t(3). Suppose 7*w = 3*w - k. Let h = 4 - w. What are the prime factors of h?
3
Let q = 266 + -153. What are the prime factors of q?
113
Suppose w + 4*b - 32 = -9, -4*b = -4*w + 112. List the prime factors of w.
3
Let x = 26 - 13. Let j = 4 - x. Let g = j - -19. List the prime factors of g.
2, 5
Let n be (-2)/(-10) - (-11)/(-55). Suppose u + n*d - d = 6, -16 = -3*u + d. Suppose -u*w = -w - j - 28, 4*w = -5*j + 4. What are the prime factors of w?
2, 3
Let d = 35 + 89. List the prime factors of d.
2, 31
Suppose 60*p - 55*p = 945. What are the prime factors of p?
3, 7
Let d be (3/(-2))/(6/(-20)). Suppose 2*a - d = 5*f, 3*a - 4*f - 10 = a. List the prime factors of a.
3, 5
List the prime factors of ((-230)/(-12))/(7/(-21))*-2.
5, 23
Let b(w) = -w**3 - 6*w - 9 + 1 + 0*w + 8*w**2. Let t be b(7). Let m = t - -6. What are the prime factors of m?
5
Suppose 2*o = r + 43, o - r + 95 = 5*o. List the prime factors of o.
23
Let u(x) = x**2 - 2*x. Let i be u(5). Suppose 2*r = 5*z - 27, -4*r - 3*z - i + 0 = 0. What are the prime factors of (16/r)/((-12)/54)?
2, 3
Let f(s) = s**2 + 2*s - 3. Let r be f(-3). Suppose 6*y - y - 40 = r. What are the prime factors of y?
2
Let s = 103 + -70. List the prime factors of s.
3, 11
Let u(o) = -6*o**3. Let n be u(1). Let t = n - -9. Suppose 51 = 5*m + 3*y - y, -t*m + 41 = -4*y. List the prime factors of m.
11
Let b(w) be the second derivative of 1/2*w**3 + w**2 + 0 + 2*w. List the prime factors of b(2).
2
Suppose 59 = 4*w - 5. Suppose 4*i - w = 16. What are the prime factors of i?
2
Let k(o) = o - 11. Let l be k(0). Let i = l + 15. What are the prime factors of i?
2
Suppose 0 = -n + o + 3, -3*n - 17 = 5*o - 2. Suppose n*q - 5*q = -2*w + 98, -10 = 5*q. What are the prime factors of (1 + 2)*w/12?
11
Let i = 9 + -7. Suppose -i*v - 24 = -4*v. List the prime factors of v.
2, 3
Suppose 193 + 311 = 8*z. What are the prime factors of z?
3, 7
Let w(t) = 4*t**2 - t - 1. Let g(k) = -3*k**2 + k + 1. Let z(c) = 5*g(c) + 4*w(c). Suppose -r - 1 = -q, 3*q + r + r = -12. What are the prime factors of z(q)?
3
Let h(g) be the second derivative of -g**4/2 + g**3/3 + 7*g**2/2 - g. Let p(t) = 5*t**2 - 2*t - 7. Let i(w) = 4*h(w) + 5*p(w). List the prime factors of i(6).
17
Suppose -23 = -4*w - 3. Suppose 46 + 4 = w*z. Let c = z - 2. List the prime factors of c.
2
Let v = -4 + 3. Let l be 7 - (-2 - 3*v). Let q = -2 + l. What are the prime factors of q?
2
List the prime factors of -3*1 - (-3 + -62).
2, 31
Let x = -1 - -3. Suppose -4*m + 28 + 14 = x*s, 12 = -4*m. List the prime factors of s.
3
Suppose -3*j = 19 - 52. Suppose 4*i = -j + 3. List the prime factors of i - -4*(-1)/(-1).
2
Let k(x) = -2 + 5 - 3 + 5*x. List the prime factors of k(2).
2, 5
Let u(q) = -2*q**2 - 6*q - 4. Let s be u(-4). Let l(d) = -4*d - 1. Let z be l(-1). List the prime factors of 2/z - s/9.
2
Suppose -u - 2*t - 27 = -103, u = -3*t + 79. Suppose 2*p + u = 4*p. What are the prime factors of p?
5, 7
Let k(o) = 3*o**2 + 9*o - 7. What are the prime factors of k(6)?
5, 31
Let s(a) = 4*a**2 + 0*a**2 + 3*a**2. Let u = -6 - -5. List the prime factors of s(u).
7
Let b(s) = 2*s**3 + 2*s**2 - 2*s + 1. Let y be b(1). Suppose -2*p = 10, -y*i + 4*p - 10 = -8*i. What are the prime factors of i?
2, 3
Let v = 37 - 4. What are the prime factors of v?
3, 11
Suppose 0 = -0*c - 2*c + 12. List the prime factors of c.
2, 3
Let l = 201 - 132. What are the prime factors of l?
3, 23
Let d(r) = -r**2 + 3. Let l be d(0). Let i = l - 4. What are the prime factors of i*4/((-4)/5)?
5
Let q(y) = -20*y**3 - 2*y**2 + y + 2. List the prime factors of q(-2).
2, 19
Let d = -12 - -13. List the prime factors of d/(1 - 54/57).
19
Suppose -128 = 4*i - 8*i. List the prime factors of i.
2
Let s(t) = -9*t**3 + t**2 + 3*t + 2. What are the prime factors of s(-2)?
2, 3
Let j(m) = 2*m**2 - 6*m - 3. Suppose -10 - 8 = -3*u + 5*b, 0 = -5*u - 5*b + 30. List the prime factors of j(u).
3, 11
Let t(f) = f**2 - 3*f - 4. Let w be t(3). Let h = w - -6. Suppose -4 = 2*o, h*b + o = 4*b - 8. What are the prime factors of b?
3
Let p = 294 + -93. What are the prime factors of p?
3, 67
Suppose 1 = -5*c - 14, 5*o - 2*c = 336. What are the prime factors of o?
2, 3, 11
Suppose -2*s = -3*i + 24, 4*s + 3 = -i + s. Let z(x) = -x**2 + 6*x + 5. Let o be z(7). Let g = i + o. List the prime factors of g.
2
Suppose -137 = -3*u + 2*r + 25, 5*r + 216 = 4*u. List the prime factors of u.
2, 3
Let x = -49 + 92. List the prime factors of x.
43
Let w = -36 + 65. What are the prime factors of w?
29
Suppose 6 = 3*y - 3. Suppose -o = 5, 2*l = -5*o - 2 + y. What are the prime factors of l?
13
Suppose 5*i - 49 - 41 = 0. Let a = -12 + i. List the prime factors of a.
2, 3
Let i = 17 - 14. What are the prime factors of i?
3
Let i(q) = -q + 8. Let m be i(10). List the prime factors of (-36)/10*5/m.
3
Let m = -180 - -287. What are the prime factors of m?
107
Suppose 0 = 3*z - 8 - 19. What are the prime factors of z + -1*(-4 + 2)?
11
Suppose 0 = -4*l - 3 + 11. Suppose -2*r - l*z = -76, -r - 146 = -5*r - 2*z. List the prime factors of r.
5, 7
Let s(i) = -i - 22. Let w be s(0). Let v be (-84)/w + (-2)/(-11). Suppose v*j = j + 24. List the prime factors of j.
2
Let f = -138 - -298. What are the prime factors of f?
2, 5
Let p = 11 - -4. Let w(z) = z + 19. List the prime factors of w(p).
2, 17
Suppose 3*x = 6 + 6. Let k = x - 1. Suppose -k*b = -3*r - 7 + 1, 4*r - 2 = -b. What are the prime factors of b?
2
Suppose 3*q - 78 = -0*q. What are the prime factors of q?
2, 13
Suppose -2*q - 2*q = -104. Suppose -14 = z + q. Let c = -24 - z. List the prime factors of c.
2
Let f = -35 - -53. List the prime factors of f.
2, 3
Let j be 2/(-11) - 2650/(-55). Suppose 3*g - j = 6. What are the prime factors of g?
2, 3
Suppose 0 = -2*r - 24 + 64. What are the prime factors of r?
2, 5
Suppose -6*u + 64 = -2*u. Suppose -5*d = -d + u. List the prime factors of 1/2*(d - -30).
13
Let l = 44 - 22. What are the prime factors of l?
2, 11
Let n = 20 - 14. Suppose w - 4*z - 8 = -2*w, -5*w = 5*z + 45. List the prime factors of (w/n)/(2/(-39)).
13
Let a(h) = 3*h**2 - 5*h + 2. Let s be 6/15 + (-99)/(-15). Let y be s/2 + (-2)/4. What are the prime factors of a(y)?
2, 7
Let v be (99/(-6))/3*-2. Suppose -10*z = -v*z + 10. What are the prime factors of z?
2, 5
Let p be ((-2)/(-6))/((-4)/(-12)). What are the prime factors of -2*p*12/(-8)?
3
Let z = 2 - -56. List the prime factors of z.
2, 29
Suppose -3*f - 2*f = 3*z, -1 = -2*z - 3*f. Suppose 3*h - z*h = 2*y - 4, -2*h - 3*y = -9. List the prime factors of 2 + (18/h)/(-3